 - 3) + 7 + -1 + 4
3
Calculate 13 + -27 + 10 + 1 + 8.
5
Evaluate 2 + -4 - (5 - 8 - 2).
3
-2 - (3 - (2 - (-2 + 3)))
-4
What is the value of 2 + -3 + 4 + 1?
4
Calculate 4 + 1 + 0 + -3 + 2.
4
What is -3 + 4 + (-4 - 1)?
-4
-3 + 3 + -6 + 1
-5
-3 + -1 + 7 - -1
4
What is 6 - 17 - -8 - 4?
-7
Evaluate 128 + -114 + (-3 - 1).
10
-9 - (-9 + 10) - -8
-2
Evaluate -1 - (1 - (4 - 4) - -2).
-4
(8 - 4) + 0 - -3
7
Calculate -41 + 49 + (-3 - -1).
6
What is -7 + 12 - (0 - 0)?
5
What is (14 - 7 - 14) + 7?
0
Calculate -5 + 1 + 0 + 6.
2
(-7 - (-4 + 6 + -3)) + 4
-2
What is -2 + 0 - ((1 - 7) + 3)?
1
Calculate -3 + (11 + -6 - -4).
6
Evaluate 0 + -2 + 1 + (-7 - -4).
-4
-1 - (-4 + (8 + -4 - -4))
-5
-48 + 44 + (-2 - -1)
-5
Calculate 11 - 3 - 20 - -2.
-10
What is (-6 - (5 + -12)) + 4 + 1?
6
10 + 6 + -8 + -8
0
What is the value of (-1 - 2) + (6 - -1)?
4
Calculate -4 - 1 - 1 - -5.
-1
What is (81 - 75) + (-1 - 11) + -4?
-10
Calculate (1 - -2) + (-2 - (3 - 3)).
1
-6 + (-4 + 2 - (3 - 6))
-5
What is 11 + -20 - -20 - 2?
9
What is the value of -1 + 3 - 1 - 0 - 2?
-1
Evaluate -4 + 2 + (6 - 2).
2
What is -9 - (-4 - (1 + -1))?
-5
Evaluate -4 - (-2 + (-3 + -2 - -2)).
1
What is (3 - (-2 + 2)) + (16 - 13)?
6
(-2 - 6) + (-1 - -11) + -6
-4
Calculate 1 + -10 - (51 - 55).
-5
What is the value of (2 - (2 - 2)) + (2 - 7)?
-3
Calculate (0 - (3 + -8) - 3) + -4.
-2
What is the value of -14 + 23 - 0 - 1?
8
Calculate 16 + -4 + -6 + 4 + -5.
5
-11 + 9 - (-5 + -1)
4
Evaluate 3 + 4 + (-13 - 3) + 4.
-5
Calculate 6 + (7 - (7 + 1)).
5
4 + -3 + 5 + -12 + 6
0
What is 3 + (1 - -2) + -7?
-1
Calculate -6 + 0 + 8 + -2.
0
What is (13 - (-7 - -4)) + -11?
5
What is the value of -2 + 0 - -3 - (-13 - -9)?
5
Calculate (19 - 3) + -7 - 10.
-1
(-3 - 4 - -3) + 12
8
Evaluate 0 - (-2 + 0 + 0 + 4).
-2
What is 0 + 4 + -1 - (-14 + 18)?
-1
(1 - 2 - 4) + 4
-1
What is the value of -4 + 0 + (2 - -1) + -2?
-3
-6 + 18 + -12 + 1
1
Calculate (0 - -4) + -4 - -5.
5
Evaluate -7 + (7 - (0 + 4 + 0)).
-4
What is the value of -6 + (8 - (3 + -1 - -1))?
-1
4 + -3 + 2 + -12 + 5
-4
(-4 - -1) + -8 + 7
-4
Evaluate (-6 - -2) + (0 - -2).
-2
What is 13 + 0 + (-42 - -37)?
8
What is (-1 - (4 - 2)) + 5?
2
What is the value of 3 + (-3 - 3 - -3)?
0
Calculate 9 - (7 - (-7 - 0)).
-5
Calculate -3 - (-4 + 1 + -5 + 6).
-1
-4 - (-3 - 2) - 6
-5
(4 - -11) + -10 + -1
4
Evaluate 5 + (-2 - 3 - 1).
-1
Calculate 3 + (0 + (4 - 5) - 0).
2
What is -1 - (6 + -4 + -2)?
-1
3 - (-3 - ((-3 - 2) + -2))
-1
Calculate 3 + 4 - 11 - -6.
2
-5 - ((0 - (3 - 7)) + -6)
-3
What is the value of (13 - 14) + (-1 - -6) - 9?
-5
What is the value of -6 - (-7 + 0 + 2)?
-1
Evaluate -5 + -16 + 8 + 8.
-5
Evaluate 0 + 0 + (-14 - -16).
2
Calculate 1 + 1 + -35 + 28.
-5
Calculate 6 - (-4 + (2 - 2) - -8).
2
(6 - (-4 + 10)) + -2
-2
Calculate (3 - -2) + 0 - 8.
-3
What is (0 - 0 - -4) + -3?
1
Evaluate (11 - 5) + -10 + -1 - -7.
2
Calculate -8 - (-20 + 5 + 7).
0
Calculate -2 + (4 - (4 + -6)).
4
-19 + 16 - (-10 - (0 + -2))
5
What is the value of -2 - -8 - ((-1 - -3) + 2)?
2
Evaluate (-6 + 3 - -6) + -2 - 5.
-4
Evaluate 1 - ((3 - -1) + -9 + 1).
5
What is the value of -2 + 7 - (-1 + 4 - -6)?
-4
Calculate (4 - 6) + -1 - 0.
-3
-6 + (6 - 0) + 5 - 7
-2
Evaluate (-2 - -2) + (13 - 9).
4
Calculate 1 + 8 + -18 + 14.
5
Evaluate 4 + -7 + 0 + 7.
4
Evaluate (2 - 4) + (2 - 3) - 3.
-6
Evaluate (9 - ((-3 - 3) + 10)) + 0.
5
What is the value of (35 - 37) + (2 - (8 - 1))?
-7
Evaluate 7 + -6 + 2 + -2 + 5.
6
(-7 - -2) + -2 - -3
-4
4 - (-5 + -2) - (-7 + 8)
10
What is the value of -6 + 3 + (0 - -6)?
3
Evaluate (5 - 2) + -6 + 8.
5
What is the value of 6 + (-21 + 6 - -6)?
-3
What is 1 - (10 + -10) - -6?
7
2 + -8 + 3 + -1
-4
Calculate -5 + 3 - (3 - (2 + 3)).
0
-2 - -1 - (7 + 7 + -19)
4
What is the value of 11 + (-9 - (-3 + 4))?
1
What is -8 + (4 + 0 - -1)?
-3
Calculate -3 + 5 + -9 + 5.
-2
What is the value of -3 - (2 + (0 - 3) + 8)?
-10
What is the value of 5 + -1 + (-2 + 2 - 1)?
3
What is the value of (-1 - -2) + (-1 - 5)?
-5
What is (-1 - -2) + -6 + 1 + 1?
-3
Calculate -3 + (-7 + 11 - 1) + -4.
-4
Evaluate -5 - (-1 + (5 - (2 + 4))).
-3
What is the value of 14 + -16 - (2 - -2)?
-6
(7 - 12) + -10 + 22
7
(-5 - (-21 - -3)) + -13
0
What is (0 - 1) + -3 + (11 - 3)?
4
(12 + -20 - -13) + 4
9
What is -8 + -1 + 5 + -2?
-6
What is (-4 - -10) + -9 + -1?
-4
What is (4 + -7 - -7) + -5?
-1
Evaluate (0 + 3 - 1) + 37 + -36.
3
What is the value of 5 + -1 + -6 + -1 + -2?
-5
Evaluate (0 - 0) + (-4 - 0 - -1).
-3
What is the value of 3 - (0 + 0 - -8)?
-5
What is the value of 7 - ((-2 - -5) + 6)?
-2
What is 5 - (-2 + (4 - 1))?
4
What is 3 - 0 - (-4 + 8 - -4)?
-5
What is -1 - -15 - (10 + (-13 - -7))?
10
Evaluate 5 + -4 + 0 + 3 + -2.
2
Calculate (-1 - -2) + 13 + -18.
-4
-2 + -5 + 5 + -4 + 9
3
What is the value of -3 - 1 - -14 - 9?
1
Calculate -2 + -8 + (7 - -4) - 0.
1
What is the value of 1 + (-8 + 1 - -4 - -2)?
0
What is the value of -1 + (11 + -1 - (32 - 25))?
2
What is the value of 2 - (8 + 0 + -2 + -2)?
-2
What is the value of (25 - 30) + (0 - (0 + -5))?
0
What is the value of 2 + (6 - 8) + 4?
4
46 + -40 + -3 + 0
3
Evaluate -41 + 39 + -1 + -1 - 2.
-6
What is the value of (8 - (-5 - (-4 + -5))) + -8?
-4
Calculate 4 + (2 - (8 + -4)).
2
What is the value of 1 - (-12 - (5 - 9))?
9
Evaluate 8 + (9 - (13 + 2)).
2
What is 6 + 0 - (-2 + -15 + 16)?
7
What is the value of 6 + -3 - -3 - -1?
7
What is the value of -4 + (2 - -6 - 0)?
4
Calculate (9 - (9 + -6)) + -6.
0
1 + 12 + (133 - 150)
-4
-6 - (7 - (-6 - -14))
-5
Calculate 3 + -9 - (-6 + 8).
-8
Calculate 2 + 2 + (0 - 0).
4
(5 - (-2 - -6)) + 1
2
What is the value of (-9 - -1 - -5) + -1 + -1?
-5
Evaluate (4 - (-8 + 9)) + 0 + 0.
3
Calculate 47 - 39 - (2 + 6).
0
Evaluate -1 + 7 + (14 - 18).
2
Calculate -1 + 8 + 1 + (11 - 14).
5
What is 5 - 8 - (2 + (-2 - 2))?
-1
Evaluate 4 - (-1 + 0 - -8).
-3
Evaluate -9 - (-11 - -6 - 5).
1
Evaluate (-2 - -2 - 3) + 3 + 2.
2
-3 - (-11 - (1 + -6))
3
Calculate 1 + 2 + -6 + (2 - 2).
-3
What is (2 - 7) + -5 + 5?
-5
What is the value of -3 + 0 - (-10 + (0 - -3))?
4
Evaluate -1 - (1 - (-3 - -2) - 2).
-1
Evaluate 4 + -6 + 0 - (5 - 0).
-7
8 + -12 + (14 - 5)
5
What is 1 - -3 - (2 - 7)?
9
-3 - (-9 + -7 + 8)
5
What is -5 - (-9 - (-5 - -1))?
0
(-7 + 10 - -6) + -6
3
(3 - (16 + -19)) + -8 + 0
-2
What is 0 + (7 - 2) + -7?
-2
Evaluate (-3 - -7 - 10) + 6.
0
Calculate -4 + -4 + 8 - 5.
-5
What is -2 + 8 + -1 + -11 - -12?
6
What is -8 + 11 - (2 + 2) - 3?
-4
4 - (-3 + 5 + 5)
-3
6 + -6 + 7 - 4 - -2
5
What is (-3 - 1) + (-4 - -8) + 1?
1
Evaluate -3 - (-1 + 3 + 11 + -14).
-2
What is (-2 - (-3 - (-2 + -1))) + 5?
3
3 - (1 - -8 - 2)
-4
Evaluate -8 + (3 + -2 - -2 - 1).
-6
Evaluate (4 - -2) + -2 + -1.
3
Evaluate -3 - (-4 + 7 + -4 - -3).
-5
-5 + (5 - (-4 + 2) - -1)
3
What is (-5 - -10) + -5 + 0 + 5?
5
What is -5 + 11 + 1 + -1 + -8?
-2
-12 - ((1 - 7) + -3)
-3
Evaluate 1 - 1 - 3 - (-25 + 18).
4
Evaluate -3 + 3 + 4 + -2.
2
(-4 - (-2 + 2)) + 0 + 3
-1
Calculate 2 - ((-3 - (-1 + -2)) + 3).
-1
What is (2 - 1) + (-2 - -2) - 4?
-3
What is (12 - 3 - 10) + (-5 - -1)?
-5
5 - (-1 - (-5 + 1))
2
-1 - 0 - (7 + 5 + -19)
6
-1 + (0 - -1) - 2
-2
What is -8 + 1 + (4 - 1)?
-4
Calculate 1 + -13 + 8 + (11 - 14).
-7
What is the value of 5 - (3 - 1) - (-5 + 10)?
-2
5 + ((2 - -1) + 1 - 5)
4
Evaluate (-4 - -4) + (-1 - -6).
5
Calculate (7 - -1) + (-47 - -41).
2
Evaluate 4 - (6 - 6 - 5 - -1).
8
Calculate (1 - 7) + (100 - 104).
-10
12 + -8 - (-1 + (2 - -2))
1
Evaluate (-11 - -12) + (-1 - -5).
5
What is the value of 2 - (6 - (2 + 0))?
-2
What is the value of (0 - 3) + -6 - (-8 - -3)?
-4
Evaluate -5 + -6 - -8 - (-9 - -1).
5
Evaluate 1 - (-3 + 3) - 5.
-4
1 + -10 + 0 + 8
-1
3 + -2 + 0 - (-20 - -22)
-1
7 - (-13 + 4 - -16)
0
Evaluate -10 + 9 - (5 + -1).
-5
Calculate 4 - (-1 + 6) - (4 + 2).
-7
Calculate 4 - (5 - 0 - (2 - -1)).
2
What is the value of 9 + -19 + (-1 - -3)?
-8
Evaluate 2 + 7 + -23 + 7.
-7
Calculate -8 - (7 + (5 - (-3 - -28))).
5
What is the value of 1 + (-3 - (-3 + 3))?
-2
What is the value of 2 - (-10 + 2 - -11)?
-1
3 + 4 - ((-7 - -6) + 7)
1
Evaluate 0 + 5 + -1 + -6 + 6.
4
Calculate -3 + (5 - 7 - -5) - -5.
5
What is the value of 6 + -3 + -9 + 9?
3
What is 1 + 0 + -35 + 32?
-2
What is the value of -2 - (6 + (-6 - -5))?
-7
What is the value of 39 + -40 - (-2 - 1)?
2
Calculate 2 + 0 - 3 - (32 + -29).
-4
8 - (12 + (-5 - 1))
2
What is -7